{"id":35,"date":"2016-04-15T00:00:13","date_gmt":"2016-04-15T03:00:13","guid":{"rendered":"http:\/\/www.qualinove.com.br\/site\/?page_id=35"},"modified":"2026-02-12T19:36:45","modified_gmt":"2026-02-12T22:36:45","slug":"sassmaq","status":"publish","type":"page","link":"http:\/\/www.qualinove.com.br\/site\/trabalhos-realizados\/sassmaq\/","title":{"rendered":"Implanta\u00e7\u00e3o do SASSMAQ"},"content":{"rendered":"<p>A Qualinove assessora empresas na regulariza\u00e7\u00e3o e adequa\u00e7\u00e3o legal para o transporte de produtos qu\u00edmicos, oferecendo suporte completo desde a obten\u00e7\u00e3o de licen\u00e7as e autoriza\u00e7\u00f5es at\u00e9 a implanta\u00e7\u00e3o do SASSMAQ.<\/p>\n<p>Nossa atua\u00e7\u00e3o inclui a estrutura\u00e7\u00e3o documental, adequa\u00e7\u00e3o aos requisitos legais aplic\u00e1veis, capacita\u00e7\u00e3o das equipes operacionais e gerenciais, al\u00e9m da prepara\u00e7\u00e3o integral para auditorias, assegurando conformidade, seguran\u00e7a operacional e redu\u00e7\u00e3o de riscos.<\/p>\n<p>Com abordagem t\u00e9cnica e acompanhamento especializado, garantimos que a empresa esteja apta a atender \u00e0s exig\u00eancias do setor qu\u00edmico com organiza\u00e7\u00e3o, credibilidade e efici\u00eancia.<\/p>\n","protected":false},"excerpt":{"rendered":"<p>A Qualinove assessora empresas na regulariza\u00e7\u00e3o e adequa\u00e7\u00e3o legal para o transporte de produtos qu\u00edmicos, oferecendo suporte completo desde a obten\u00e7\u00e3o de licen\u00e7as e autoriza\u00e7\u00f5es at\u00e9 a implanta\u00e7\u00e3o do SASSMAQ. Nossa atua\u00e7\u00e3o inclui a estrutura\u00e7\u00e3o documental, adequa\u00e7\u00e3o aos requisitos legais aplic\u00e1veis, capacita\u00e7\u00e3o das equipes operacionais e gerenciais, al\u00e9m da prepara\u00e7\u00e3o&hellip; <\/p>\n","protected":false},"author":1,"featured_media":315,"parent":308,"menu_order":0,"comment_status":"closed","ping_status":"closed","template":"","meta":{"footnotes":""},"class_list":["post-35","page","type-page","status-publish","has-post-thumbnail","hentry"],"yoast_head":"\n<title>Implanta\u00e7\u00e3o do SASSMAQ - Qualinove<\/title>\n<meta name=\"robots\" content=\"index, follow, max-snippet:-1, max-image-preview:large, max-video-preview:-1\" \/>\n<link rel=\"canonical\" href=\"http:\/\/www.qualinove.com.br\/site\/trabalhos-realizados\/sassmaq\/\" \/>\n<meta property=\"og:locale\" content=\"pt_BR\" \/>\n<meta property=\"og:type\" content=\"article\" \/>\n<meta property=\"og:title\" content=\"Implanta\u00e7\u00e3o do SASSMAQ - Qualinove\" \/>\n<meta property=\"og:description\" content=\"A Qualinove assessora empresas na regulariza\u00e7\u00e3o e adequa\u00e7\u00e3o legal para o transporte de produtos qu\u00edmicos, oferecendo suporte completo desde a obten\u00e7\u00e3o de licen\u00e7as e autoriza\u00e7\u00f5es at\u00e9 a implanta\u00e7\u00e3o do SASSMAQ. Nossa atua\u00e7\u00e3o inclui a estrutura\u00e7\u00e3o documental, adequa\u00e7\u00e3o aos requisitos legais aplic\u00e1veis, capacita\u00e7\u00e3o das equipes operacionais e gerenciais, al\u00e9m da prepara\u00e7\u00e3o&hellip;\" \/>\n<meta property=\"og:url\" content=\"http:\/\/www.qualinove.com.br\/site\/trabalhos-realizados\/sassmaq\/\" \/>\n<meta property=\"og:site_name\" content=\"Qualinove\" \/>\n<meta property=\"article:modified_time\" content=\"2026-02-12T22:36:45+00:00\" \/>\n<meta property=\"og:image\" content=\"http:\/\/www.qualinove.com.br\/site\/wp-content\/uploads\/2015\/12\/trabalho-sassmaq.png\" \/>\n\t<meta property=\"og:image:width\" content=\"50\" \/>\n\t<meta property=\"og:image:height\" content=\"50\" \/>\n\t<meta property=\"og:image:type\" content=\"image\/png\" \/>\n<meta name=\"twitter:card\" content=\"summary_large_image\" \/>\n<meta name=\"twitter:label1\" content=\"Est. reading time\" \/>\n\t<meta name=\"twitter:data1\" content=\"1 minuto\" \/>\n<script type=\"application\/ld+json\" class=\"yoast-schema-graph\">{\"@context\":\"https:\/\/schema.org\",\"@graph\":[{\"@type\":\"WebPage\",\"@id\":\"http:\/\/www.qualinove.com.br\/site\/trabalhos-realizados\/sassmaq\/\",\"url\":\"http:\/\/www.qualinove.com.br\/site\/trabalhos-realizados\/sassmaq\/\",\"name\":\"Implanta\u00e7\u00e3o do SASSMAQ - Qualinove\",\"isPartOf\":{\"@id\":\"http:\/\/www.qualinove.com.br\/site\/#website\"},\"primaryImageOfPage\":{\"@id\":\"http:\/\/www.qualinove.com.br\/site\/trabalhos-realizados\/sassmaq\/#primaryimage\"},\"image\":{\"@id\":\"http:\/\/www.qualinove.com.br\/site\/trabalhos-realizados\/sassmaq\/#primaryimage\"},\"thumbnailUrl\":\"http:\/\/www.qualinove.com.br\/site\/wp-content\/uploads\/2015\/12\/trabalho-sassmaq.png\",\"datePublished\":\"2016-04-15T03:00:13+00:00\",\"dateModified\":\"2026-02-12T22:36:45+00:00\",\"breadcrumb\":{\"@id\":\"http:\/\/www.qualinove.com.br\/site\/trabalhos-realizados\/sassmaq\/#breadcrumb\"},\"inLanguage\":\"pt-BR\",\"potentialAction\":[{\"@type\":\"ReadAction\",\"target\":[\"http:\/\/www.qualinove.com.br\/site\/trabalhos-realizados\/sassmaq\/\"]}]},{\"@type\":\"ImageObject\",\"inLanguage\":\"pt-BR\",\"@id\":\"http:\/\/www.qualinove.com.br\/site\/trabalhos-realizados\/sassmaq\/#primaryimage\",\"url\":\"http:\/\/www.qualinove.com.br\/site\/wp-content\/uploads\/2015\/12\/trabalho-sassmaq.png\",\"contentUrl\":\"http:\/\/www.qualinove.com.br\/site\/wp-content\/uploads\/2015\/12\/trabalho-sassmaq.png\",\"width\":50,\"height\":50,\"caption\":\"trabalho sassmaq\"},{\"@type\":\"BreadcrumbList\",\"@id\":\"http:\/\/www.qualinove.com.br\/site\/trabalhos-realizados\/sassmaq\/#breadcrumb\",\"itemListElement\":[{\"@type\":\"ListItem\",\"position\":1,\"name\":\"In\u00edcio\",\"item\":\"https:\/\/www.qualinove.com.br\/site\/\"},{\"@type\":\"ListItem\",\"position\":2,\"name\":\"Trabalhos Realizados\",\"item\":\"http:\/\/www.qualinove.com.br\/site\/trabalhos-realizados\/\"},{\"@type\":\"ListItem\",\"position\":3,\"name\":\"Implanta\u00e7\u00e3o do SASSMAQ\"}]},{\"@type\":\"WebSite\",\"@id\":\"http:\/\/www.qualinove.com.br\/site\/#website\",\"url\":\"http:\/\/www.qualinove.com.br\/site\/\",\"name\":\"Qualinove\",\"description\":\"Inova\u00e7\u00e3o e Qualidade em Sistemas de Gest\u00e3o\",\"publisher\":{\"@id\":\"http:\/\/www.qualinove.com.br\/site\/#organization\"},\"potentialAction\":[{\"@type\":\"SearchAction\",\"target\":{\"@type\":\"EntryPoint\",\"urlTemplate\":\"http:\/\/www.qualinove.com.br\/site\/?s={search_term_string}\"},\"query-input\":{\"@type\":\"PropertyValueSpecification\",\"valueRequired\":true,\"valueName\":\"search_term_string\"}}],\"inLanguage\":\"pt-BR\"},{\"@type\":\"Organization\",\"@id\":\"http:\/\/www.qualinove.com.br\/site\/#organization\",\"name\":\"Qualinove Assessoria Empresarial\",\"url\":\"http:\/\/www.qualinove.com.br\/site\/\",\"logo\":{\"@type\":\"ImageObject\",\"inLanguage\":\"pt-BR\",\"@id\":\"http:\/\/www.qualinove.com.br\/site\/#\/schema\/logo\/image\/\",\"url\":\"http:\/\/www.qualinove.com.br\/site\/wp-content\/uploads\/2016\/01\/logo_qualinove.png\",\"contentUrl\":\"http:\/\/www.qualinove.com.br\/site\/wp-content\/uploads\/2016\/01\/logo_qualinove.png\",\"width\":200,\"height\":100,\"caption\":\"Qualinove Assessoria Empresarial\"},\"image\":{\"@id\":\"http:\/\/www.qualinove.com.br\/site\/#\/schema\/logo\/image\/\"}}]}<\/script>\n","yoast_head_json":{"title":"Implanta\u00e7\u00e3o do SASSMAQ - Qualinove","robots":{"index":"index","follow":"follow","max-snippet":"max-snippet:-1","max-image-preview":"max-image-preview:large","max-video-preview":"max-video-preview:-1"},"canonical":"http:\/\/www.qualinove.com.br\/site\/trabalhos-realizados\/sassmaq\/","og_locale":"pt_BR","og_type":"article","og_title":"Implanta\u00e7\u00e3o do SASSMAQ - Qualinove","og_description":"A Qualinove assessora empresas na regulariza\u00e7\u00e3o e adequa\u00e7\u00e3o legal para o transporte de produtos qu\u00edmicos, oferecendo suporte completo desde a obten\u00e7\u00e3o de licen\u00e7as e autoriza\u00e7\u00f5es at\u00e9 a implanta\u00e7\u00e3o do SASSMAQ. Nossa atua\u00e7\u00e3o inclui a estrutura\u00e7\u00e3o documental, adequa\u00e7\u00e3o aos requisitos legais aplic\u00e1veis, capacita\u00e7\u00e3o das equipes operacionais e gerenciais, al\u00e9m da prepara\u00e7\u00e3o&hellip;","og_url":"http:\/\/www.qualinove.com.br\/site\/trabalhos-realizados\/sassmaq\/","og_site_name":"Qualinove","article_modified_time":"2026-02-12T22:36:45+00:00","og_image":[{"width":50,"height":50,"url":"http:\/\/www.qualinove.com.br\/site\/wp-content\/uploads\/2015\/12\/trabalho-sassmaq.png","type":"image\/png"}],"twitter_card":"summary_large_image","twitter_misc":{"Est. reading time":"1 minuto"},"schema":{"@context":"https:\/\/schema.org","@graph":[{"@type":"WebPage","@id":"http:\/\/www.qualinove.com.br\/site\/trabalhos-realizados\/sassmaq\/","url":"http:\/\/www.qualinove.com.br\/site\/trabalhos-realizados\/sassmaq\/","name":"Implanta\u00e7\u00e3o do SASSMAQ - Qualinove","isPartOf":{"@id":"http:\/\/www.qualinove.com.br\/site\/#website"},"primaryImageOfPage":{"@id":"http:\/\/www.qualinove.com.br\/site\/trabalhos-realizados\/sassmaq\/#primaryimage"},"image":{"@id":"http:\/\/www.qualinove.com.br\/site\/trabalhos-realizados\/sassmaq\/#primaryimage"},"thumbnailUrl":"http:\/\/www.qualinove.com.br\/site\/wp-content\/uploads\/2015\/12\/trabalho-sassmaq.png","datePublished":"2016-04-15T03:00:13+00:00","dateModified":"2026-02-12T22:36:45+00:00","breadcrumb":{"@id":"http:\/\/www.qualinove.com.br\/site\/trabalhos-realizados\/sassmaq\/#breadcrumb"},"inLanguage":"pt-BR","potentialAction":[{"@type":"ReadAction","target":["http:\/\/www.qualinove.com.br\/site\/trabalhos-realizados\/sassmaq\/"]}]},{"@type":"ImageObject","inLanguage":"pt-BR","@id":"http:\/\/www.qualinove.com.br\/site\/trabalhos-realizados\/sassmaq\/#primaryimage","url":"http:\/\/www.qualinove.com.br\/site\/wp-content\/uploads\/2015\/12\/trabalho-sassmaq.png","contentUrl":"http:\/\/www.qualinove.com.br\/site\/wp-content\/uploads\/2015\/12\/trabalho-sassmaq.png","width":50,"height":50,"caption":"trabalho sassmaq"},{"@type":"BreadcrumbList","@id":"http:\/\/www.qualinove.com.br\/site\/trabalhos-realizados\/sassmaq\/#breadcrumb","itemListElement":[{"@type":"ListItem","position":1,"name":"In\u00edcio","item":"https:\/\/www.qualinove.com.br\/site\/"},{"@type":"ListItem","position":2,"name":"Trabalhos Realizados","item":"http:\/\/www.qualinove.com.br\/site\/trabalhos-realizados\/"},{"@type":"ListItem","position":3,"name":"Implanta\u00e7\u00e3o do SASSMAQ"}]},{"@type":"WebSite","@id":"http:\/\/www.qualinove.com.br\/site\/#website","url":"http:\/\/www.qualinove.com.br\/site\/","name":"Qualinove","description":"Inova\u00e7\u00e3o e Qualidade em Sistemas de Gest\u00e3o","publisher":{"@id":"http:\/\/www.qualinove.com.br\/site\/#organization"},"potentialAction":[{"@type":"SearchAction","target":{"@type":"EntryPoint","urlTemplate":"http:\/\/www.qualinove.com.br\/site\/?s={search_term_string}"},"query-input":{"@type":"PropertyValueSpecification","valueRequired":true,"valueName":"search_term_string"}}],"inLanguage":"pt-BR"},{"@type":"Organization","@id":"http:\/\/www.qualinove.com.br\/site\/#organization","name":"Qualinove Assessoria Empresarial","url":"http:\/\/www.qualinove.com.br\/site\/","logo":{"@type":"ImageObject","inLanguage":"pt-BR","@id":"http:\/\/www.qualinove.com.br\/site\/#\/schema\/logo\/image\/","url":"http:\/\/www.qualinove.com.br\/site\/wp-content\/uploads\/2016\/01\/logo_qualinove.png","contentUrl":"http:\/\/www.qualinove.com.br\/site\/wp-content\/uploads\/2016\/01\/logo_qualinove.png","width":200,"height":100,"caption":"Qualinove Assessoria Empresarial"},"image":{"@id":"http:\/\/www.qualinove.com.br\/site\/#\/schema\/logo\/image\/"}}]}},"_links":{"self":[{"href":"http:\/\/www.qualinove.com.br\/site\/wp-json\/wp\/v2\/pages\/35","targetHints":{"allow":["GET"]}}],"collection":[{"href":"http:\/\/www.qualinove.com.br\/site\/wp-json\/wp\/v2\/pages"}],"about":[{"href":"http:\/\/www.qualinove.com.br\/site\/wp-json\/wp\/v2\/types\/page"}],"author":[{"embeddable":true,"href":"http:\/\/www.qualinove.com.br\/site\/wp-json\/wp\/v2\/users\/1"}],"replies":[{"embeddable":true,"href":"http:\/\/www.qualinove.com.br\/site\/wp-json\/wp\/v2\/comments?post=35"}],"version-history":[{"count":6,"href":"http:\/\/www.qualinove.com.br\/site\/wp-json\/wp\/v2\/pages\/35\/revisions"}],"predecessor-version":[{"id":5286,"href":"http:\/\/www.qualinove.com.br\/site\/wp-json\/wp\/v2\/pages\/35\/revisions\/5286"}],"up":[{"embeddable":true,"href":"http:\/\/www.qualinove.com.br\/site\/wp-json\/wp\/v2\/pages\/308"}],"wp:featuredmedia":[{"embeddable":true,"href":"http:\/\/www.qualinove.com.br\/site\/wp-json\/wp\/v2\/media\/315"}],"wp:attachment":[{"href":"http:\/\/www.qualinove.com.br\/site\/wp-json\/wp\/v2\/media?parent=35"}],"curies":[{"name":"wp","href":"https:\/\/api.w.org\/{rel}","templated":true}]}}