{"id":37,"date":"2016-04-15T00:00:27","date_gmt":"2016-04-15T03:00:27","guid":{"rendered":"http:\/\/www.qualinove.com.br\/site\/?page_id=37"},"modified":"2026-02-11T18:23:57","modified_gmt":"2026-02-11T21:23:57","slug":"iso9001","status":"publish","type":"page","link":"http:\/\/www.qualinove.com.br\/site\/trabalhos-realizados\/iso9001\/","title":{"rendered":"Implanta\u00e7\u00e3o da ISO:9001"},"content":{"rendered":"<p>Quer certificar sua empresa com seguran\u00e7a e agilidade?<\/p>\n<p>A Qualinove conduz todo o processo de certifica\u00e7\u00e3o, desde a implanta\u00e7\u00e3o do Sistema de Gest\u00e3o at\u00e9 os treinamentos e o acompanhamento das auditorias. Atuamos de forma completa e estrat\u00e9gica, preparando sua empresa para conquistar e manter certifica\u00e7\u00f5es com tranquilidade.<\/p>\n<p>Com equipe especializada, realizamos o trabalho de forma terceirizada, eliminando a necessidade de deslocar um colaborador interno para essa fun\u00e7\u00e3o \u2014 reduzindo custos, otimizando tempo e garantindo efici\u00eancia t\u00e9cnica.<\/p>\n<p>Transforme a certifica\u00e7\u00e3o em vantagem competitiva para o seu neg\u00f3cio.<\/p>\n","protected":false},"excerpt":{"rendered":"<p>Quer certificar sua empresa com seguran\u00e7a e agilidade? A Qualinove conduz todo o processo de certifica\u00e7\u00e3o, desde a implanta\u00e7\u00e3o do Sistema de Gest\u00e3o at\u00e9 os treinamentos e o acompanhamento das auditorias. Atuamos de forma completa e estrat\u00e9gica, preparando sua empresa para conquistar e manter certifica\u00e7\u00f5es com tranquilidade. Com equipe especializada,&hellip; <\/p>\n","protected":false},"author":1,"featured_media":316,"parent":308,"menu_order":0,"comment_status":"closed","ping_status":"closed","template":"","meta":{"footnotes":""},"class_list":["post-37","page","type-page","status-publish","has-post-thumbnail","hentry"],"yoast_head":"\n<title>Implanta\u00e7\u00e3o da ISO:9001 - Qualinove<\/title>\n<meta name=\"robots\" content=\"index, follow, max-snippet:-1, max-image-preview:large, max-video-preview:-1\" \/>\n<link rel=\"canonical\" href=\"http:\/\/www.qualinove.com.br\/site\/trabalhos-realizados\/iso9001\/\" \/>\n<meta property=\"og:locale\" content=\"pt_BR\" \/>\n<meta property=\"og:type\" content=\"article\" \/>\n<meta property=\"og:title\" content=\"Implanta\u00e7\u00e3o da ISO:9001 - Qualinove\" \/>\n<meta property=\"og:description\" content=\"Quer certificar sua empresa com seguran\u00e7a e agilidade? A Qualinove conduz todo o processo de certifica\u00e7\u00e3o, desde a implanta\u00e7\u00e3o do Sistema de Gest\u00e3o at\u00e9 os treinamentos e o acompanhamento das auditorias. Atuamos de forma completa e estrat\u00e9gica, preparando sua empresa para conquistar e manter certifica\u00e7\u00f5es com tranquilidade. Com equipe especializada,&hellip;\" \/>\n<meta property=\"og:url\" content=\"http:\/\/www.qualinove.com.br\/site\/trabalhos-realizados\/iso9001\/\" \/>\n<meta property=\"og:site_name\" content=\"Qualinove\" \/>\n<meta property=\"article:modified_time\" content=\"2026-02-11T21:23:57+00:00\" \/>\n<meta property=\"og:image\" content=\"http:\/\/www.qualinove.com.br\/site\/wp-content\/uploads\/2015\/12\/trabalho-iso.png\" \/>\n\t<meta property=\"og:image:width\" content=\"50\" \/>\n\t<meta property=\"og:image:height\" content=\"51\" \/>\n\t<meta property=\"og:image:type\" content=\"image\/png\" \/>\n<meta name=\"twitter:card\" content=\"summary_large_image\" \/>\n<meta name=\"twitter:label1\" content=\"Est. reading time\" \/>\n\t<meta name=\"twitter:data1\" content=\"1 minuto\" \/>\n<script type=\"application\/ld+json\" class=\"yoast-schema-graph\">{\"@context\":\"https:\/\/schema.org\",\"@graph\":[{\"@type\":\"WebPage\",\"@id\":\"http:\/\/www.qualinove.com.br\/site\/trabalhos-realizados\/iso9001\/\",\"url\":\"http:\/\/www.qualinove.com.br\/site\/trabalhos-realizados\/iso9001\/\",\"name\":\"Implanta\u00e7\u00e3o da ISO:9001 - Qualinove\",\"isPartOf\":{\"@id\":\"http:\/\/www.qualinove.com.br\/site\/#website\"},\"primaryImageOfPage\":{\"@id\":\"http:\/\/www.qualinove.com.br\/site\/trabalhos-realizados\/iso9001\/#primaryimage\"},\"image\":{\"@id\":\"http:\/\/www.qualinove.com.br\/site\/trabalhos-realizados\/iso9001\/#primaryimage\"},\"thumbnailUrl\":\"http:\/\/www.qualinove.com.br\/site\/wp-content\/uploads\/2015\/12\/trabalho-iso.png\",\"datePublished\":\"2016-04-15T03:00:27+00:00\",\"dateModified\":\"2026-02-11T21:23:57+00:00\",\"breadcrumb\":{\"@id\":\"http:\/\/www.qualinove.com.br\/site\/trabalhos-realizados\/iso9001\/#breadcrumb\"},\"inLanguage\":\"pt-BR\",\"potentialAction\":[{\"@type\":\"ReadAction\",\"target\":[\"http:\/\/www.qualinove.com.br\/site\/trabalhos-realizados\/iso9001\/\"]}]},{\"@type\":\"ImageObject\",\"inLanguage\":\"pt-BR\",\"@id\":\"http:\/\/www.qualinove.com.br\/site\/trabalhos-realizados\/iso9001\/#primaryimage\",\"url\":\"http:\/\/www.qualinove.com.br\/site\/wp-content\/uploads\/2015\/12\/trabalho-iso.png\",\"contentUrl\":\"http:\/\/www.qualinove.com.br\/site\/wp-content\/uploads\/2015\/12\/trabalho-iso.png\",\"width\":50,\"height\":51,\"caption\":\"trabalho iso\"},{\"@type\":\"BreadcrumbList\",\"@id\":\"http:\/\/www.qualinove.com.br\/site\/trabalhos-realizados\/iso9001\/#breadcrumb\",\"itemListElement\":[{\"@type\":\"ListItem\",\"position\":1,\"name\":\"In\u00edcio\",\"item\":\"https:\/\/www.qualinove.com.br\/site\/\"},{\"@type\":\"ListItem\",\"position\":2,\"name\":\"Trabalhos Realizados\",\"item\":\"http:\/\/www.qualinove.com.br\/site\/trabalhos-realizados\/\"},{\"@type\":\"ListItem\",\"position\":3,\"name\":\"Implanta\u00e7\u00e3o da ISO:9001\"}]},{\"@type\":\"WebSite\",\"@id\":\"http:\/\/www.qualinove.com.br\/site\/#website\",\"url\":\"http:\/\/www.qualinove.com.br\/site\/\",\"name\":\"Qualinove\",\"description\":\"Inova\u00e7\u00e3o e Qualidade em Sistemas de Gest\u00e3o\",\"publisher\":{\"@id\":\"http:\/\/www.qualinove.com.br\/site\/#organization\"},\"potentialAction\":[{\"@type\":\"SearchAction\",\"target\":{\"@type\":\"EntryPoint\",\"urlTemplate\":\"http:\/\/www.qualinove.com.br\/site\/?s={search_term_string}\"},\"query-input\":{\"@type\":\"PropertyValueSpecification\",\"valueRequired\":true,\"valueName\":\"search_term_string\"}}],\"inLanguage\":\"pt-BR\"},{\"@type\":\"Organization\",\"@id\":\"http:\/\/www.qualinove.com.br\/site\/#organization\",\"name\":\"Qualinove Assessoria Empresarial\",\"url\":\"http:\/\/www.qualinove.com.br\/site\/\",\"logo\":{\"@type\":\"ImageObject\",\"inLanguage\":\"pt-BR\",\"@id\":\"http:\/\/www.qualinove.com.br\/site\/#\/schema\/logo\/image\/\",\"url\":\"http:\/\/www.qualinove.com.br\/site\/wp-content\/uploads\/2016\/01\/logo_qualinove.png\",\"contentUrl\":\"http:\/\/www.qualinove.com.br\/site\/wp-content\/uploads\/2016\/01\/logo_qualinove.png\",\"width\":200,\"height\":100,\"caption\":\"Qualinove Assessoria Empresarial\"},\"image\":{\"@id\":\"http:\/\/www.qualinove.com.br\/site\/#\/schema\/logo\/image\/\"}}]}<\/script>\n","yoast_head_json":{"title":"Implanta\u00e7\u00e3o da ISO:9001 - Qualinove","robots":{"index":"index","follow":"follow","max-snippet":"max-snippet:-1","max-image-preview":"max-image-preview:large","max-video-preview":"max-video-preview:-1"},"canonical":"http:\/\/www.qualinove.com.br\/site\/trabalhos-realizados\/iso9001\/","og_locale":"pt_BR","og_type":"article","og_title":"Implanta\u00e7\u00e3o da ISO:9001 - Qualinove","og_description":"Quer certificar sua empresa com seguran\u00e7a e agilidade? A Qualinove conduz todo o processo de certifica\u00e7\u00e3o, desde a implanta\u00e7\u00e3o do Sistema de Gest\u00e3o at\u00e9 os treinamentos e o acompanhamento das auditorias. Atuamos de forma completa e estrat\u00e9gica, preparando sua empresa para conquistar e manter certifica\u00e7\u00f5es com tranquilidade. Com equipe especializada,&hellip;","og_url":"http:\/\/www.qualinove.com.br\/site\/trabalhos-realizados\/iso9001\/","og_site_name":"Qualinove","article_modified_time":"2026-02-11T21:23:57+00:00","og_image":[{"width":50,"height":51,"url":"http:\/\/www.qualinove.com.br\/site\/wp-content\/uploads\/2015\/12\/trabalho-iso.png","type":"image\/png"}],"twitter_card":"summary_large_image","twitter_misc":{"Est. reading time":"1 minuto"},"schema":{"@context":"https:\/\/schema.org","@graph":[{"@type":"WebPage","@id":"http:\/\/www.qualinove.com.br\/site\/trabalhos-realizados\/iso9001\/","url":"http:\/\/www.qualinove.com.br\/site\/trabalhos-realizados\/iso9001\/","name":"Implanta\u00e7\u00e3o da ISO:9001 - Qualinove","isPartOf":{"@id":"http:\/\/www.qualinove.com.br\/site\/#website"},"primaryImageOfPage":{"@id":"http:\/\/www.qualinove.com.br\/site\/trabalhos-realizados\/iso9001\/#primaryimage"},"image":{"@id":"http:\/\/www.qualinove.com.br\/site\/trabalhos-realizados\/iso9001\/#primaryimage"},"thumbnailUrl":"http:\/\/www.qualinove.com.br\/site\/wp-content\/uploads\/2015\/12\/trabalho-iso.png","datePublished":"2016-04-15T03:00:27+00:00","dateModified":"2026-02-11T21:23:57+00:00","breadcrumb":{"@id":"http:\/\/www.qualinove.com.br\/site\/trabalhos-realizados\/iso9001\/#breadcrumb"},"inLanguage":"pt-BR","potentialAction":[{"@type":"ReadAction","target":["http:\/\/www.qualinove.com.br\/site\/trabalhos-realizados\/iso9001\/"]}]},{"@type":"ImageObject","inLanguage":"pt-BR","@id":"http:\/\/www.qualinove.com.br\/site\/trabalhos-realizados\/iso9001\/#primaryimage","url":"http:\/\/www.qualinove.com.br\/site\/wp-content\/uploads\/2015\/12\/trabalho-iso.png","contentUrl":"http:\/\/www.qualinove.com.br\/site\/wp-content\/uploads\/2015\/12\/trabalho-iso.png","width":50,"height":51,"caption":"trabalho iso"},{"@type":"BreadcrumbList","@id":"http:\/\/www.qualinove.com.br\/site\/trabalhos-realizados\/iso9001\/#breadcrumb","itemListElement":[{"@type":"ListItem","position":1,"name":"In\u00edcio","item":"https:\/\/www.qualinove.com.br\/site\/"},{"@type":"ListItem","position":2,"name":"Trabalhos Realizados","item":"http:\/\/www.qualinove.com.br\/site\/trabalhos-realizados\/"},{"@type":"ListItem","position":3,"name":"Implanta\u00e7\u00e3o da ISO:9001"}]},{"@type":"WebSite","@id":"http:\/\/www.qualinove.com.br\/site\/#website","url":"http:\/\/www.qualinove.com.br\/site\/","name":"Qualinove","description":"Inova\u00e7\u00e3o e Qualidade em Sistemas de Gest\u00e3o","publisher":{"@id":"http:\/\/www.qualinove.com.br\/site\/#organization"},"potentialAction":[{"@type":"SearchAction","target":{"@type":"EntryPoint","urlTemplate":"http:\/\/www.qualinove.com.br\/site\/?s={search_term_string}"},"query-input":{"@type":"PropertyValueSpecification","valueRequired":true,"valueName":"search_term_string"}}],"inLanguage":"pt-BR"},{"@type":"Organization","@id":"http:\/\/www.qualinove.com.br\/site\/#organization","name":"Qualinove Assessoria Empresarial","url":"http:\/\/www.qualinove.com.br\/site\/","logo":{"@type":"ImageObject","inLanguage":"pt-BR","@id":"http:\/\/www.qualinove.com.br\/site\/#\/schema\/logo\/image\/","url":"http:\/\/www.qualinove.com.br\/site\/wp-content\/uploads\/2016\/01\/logo_qualinove.png","contentUrl":"http:\/\/www.qualinove.com.br\/site\/wp-content\/uploads\/2016\/01\/logo_qualinove.png","width":200,"height":100,"caption":"Qualinove Assessoria Empresarial"},"image":{"@id":"http:\/\/www.qualinove.com.br\/site\/#\/schema\/logo\/image\/"}}]}},"_links":{"self":[{"href":"http:\/\/www.qualinove.com.br\/site\/wp-json\/wp\/v2\/pages\/37","targetHints":{"allow":["GET"]}}],"collection":[{"href":"http:\/\/www.qualinove.com.br\/site\/wp-json\/wp\/v2\/pages"}],"about":[{"href":"http:\/\/www.qualinove.com.br\/site\/wp-json\/wp\/v2\/types\/page"}],"author":[{"embeddable":true,"href":"http:\/\/www.qualinove.com.br\/site\/wp-json\/wp\/v2\/users\/1"}],"replies":[{"embeddable":true,"href":"http:\/\/www.qualinove.com.br\/site\/wp-json\/wp\/v2\/comments?post=37"}],"version-history":[{"count":5,"href":"http:\/\/www.qualinove.com.br\/site\/wp-json\/wp\/v2\/pages\/37\/revisions"}],"predecessor-version":[{"id":5246,"href":"http:\/\/www.qualinove.com.br\/site\/wp-json\/wp\/v2\/pages\/37\/revisions\/5246"}],"up":[{"embeddable":true,"href":"http:\/\/www.qualinove.com.br\/site\/wp-json\/wp\/v2\/pages\/308"}],"wp:featuredmedia":[{"embeddable":true,"href":"http:\/\/www.qualinove.com.br\/site\/wp-json\/wp\/v2\/media\/316"}],"wp:attachment":[{"href":"http:\/\/www.qualinove.com.br\/site\/wp-json\/wp\/v2\/media?parent=37"}],"curies":[{"name":"wp","href":"https:\/\/api.w.org\/{rel}","templated":true}]}}