{"id":5279,"date":"2026-02-12T19:33:59","date_gmt":"2026-02-12T22:33:59","guid":{"rendered":"https:\/\/www.qualinove.com.br\/site\/?page_id=5279"},"modified":"2026-02-12T19:34:00","modified_gmt":"2026-02-12T22:34:00","slug":"gestao-de-seguranca-viaria-iso-39001","status":"publish","type":"page","link":"http:\/\/www.qualinove.com.br\/site\/gestao-de-seguranca-viaria-iso-39001\/","title":{"rendered":"Gest\u00e3o de Seguran\u00e7a Vi\u00e1ria \u2013 ISO 39001"},"content":{"rendered":"\n<p>A ISO 39001 estabelece os requisitos para implementa\u00e7\u00e3o de um Sistema de Gest\u00e3o de Seguran\u00e7a Vi\u00e1ria (SGSV), com o objetivo de reduzir mortes e les\u00f5es graves decorrentes de acidentes de tr\u00e2nsito.<\/p>\n\n\n\n<p>A Qualinove atua na implanta\u00e7\u00e3o, adequa\u00e7\u00e3o, manuten\u00e7\u00e3o e prepara\u00e7\u00e3o para auditorias da ISO 39001, apoiando organiza\u00e7\u00f5es que realizam transporte de pessoas ou cargas na estrutura\u00e7\u00e3o de pol\u00edticas, metas e controles voltados \u00e0 preven\u00e7\u00e3o de acidentes e \u00e0 melhoria cont\u00ednua do desempenho vi\u00e1rio.<\/p>\n\n\n\n<p>Nossa abordagem envolve:<\/p>\n\n\n\n<ul class=\"wp-block-list\">\n<li>Diagn\u00f3stico de riscos vi\u00e1rios e an\u00e1lise de contexto organizacional<\/li>\n\n\n\n<li>Estrutura\u00e7\u00e3o de pol\u00edticas e objetivos de seguran\u00e7a vi\u00e1ria<\/li>\n\n\n\n<li>Defini\u00e7\u00e3o de indicadores de desempenho (KPIs)<\/li>\n\n\n\n<li>Implanta\u00e7\u00e3o de controles operacionais e planos de a\u00e7\u00e3o<\/li>\n\n\n\n<li>Capacita\u00e7\u00e3o de condutores e gestores<\/li>\n\n\n\n<li>Prepara\u00e7\u00e3o e acompanhamento em auditorias<\/li>\n<\/ul>\n\n\n\n<p>O sistema promove condu\u00e7\u00e3o respons\u00e1vel, gest\u00e3o de riscos, conformidade legal e monitoramento sistem\u00e1tico de ocorr\u00eancias, contribuindo para redu\u00e7\u00e3o de custos com sinistros, passivos trabalhistas e danos \u00e0 imagem institucional.<\/p>\n\n\n\n<p>Integrada aos Sistemas de Gest\u00e3o da Qualidade, Ambiental e de Seguran\u00e7a e Sa\u00fade Ocupacional, a ISO 39001 fortalece a governan\u00e7a corporativa e consolida o compromisso da organiza\u00e7\u00e3o com a sustentabilidade, a responsabilidade social e a preserva\u00e7\u00e3o da vida.<\/p>\n","protected":false},"excerpt":{"rendered":"<p>A ISO 39001 estabelece os requisitos para implementa\u00e7\u00e3o de um Sistema de Gest\u00e3o de Seguran\u00e7a Vi\u00e1ria (SGSV), com o objetivo de reduzir mortes e les\u00f5es graves decorrentes de acidentes de tr\u00e2nsito. A Qualinove atua na implanta\u00e7\u00e3o, adequa\u00e7\u00e3o, manuten\u00e7\u00e3o e prepara\u00e7\u00e3o para auditorias da ISO 39001, apoiando organiza\u00e7\u00f5es que realizam transporte&hellip; <\/p>\n","protected":false},"author":3,"featured_media":0,"parent":0,"menu_order":0,"comment_status":"closed","ping_status":"closed","template":"","meta":{"footnotes":""},"class_list":["post-5279","page","type-page","status-publish","hentry"],"yoast_head":"\n<title>Gest\u00e3o de Seguran\u00e7a Vi\u00e1ria \u2013 ISO 39001 - Qualinove<\/title>\n<meta name=\"robots\" content=\"index, follow, max-snippet:-1, max-image-preview:large, max-video-preview:-1\" \/>\n<link rel=\"canonical\" href=\"http:\/\/www.qualinove.com.br\/site\/gestao-de-seguranca-viaria-iso-39001\/\" \/>\n<meta property=\"og:locale\" content=\"pt_BR\" \/>\n<meta property=\"og:type\" content=\"article\" \/>\n<meta property=\"og:title\" content=\"Gest\u00e3o de Seguran\u00e7a Vi\u00e1ria \u2013 ISO 39001 - Qualinove\" \/>\n<meta property=\"og:description\" content=\"A ISO 39001 estabelece os requisitos para implementa\u00e7\u00e3o de um Sistema de Gest\u00e3o de Seguran\u00e7a Vi\u00e1ria (SGSV), com o objetivo de reduzir mortes e les\u00f5es graves decorrentes de acidentes de tr\u00e2nsito. A Qualinove atua na implanta\u00e7\u00e3o, adequa\u00e7\u00e3o, manuten\u00e7\u00e3o e prepara\u00e7\u00e3o para auditorias da ISO 39001, apoiando organiza\u00e7\u00f5es que realizam transporte&hellip;\" \/>\n<meta property=\"og:url\" content=\"http:\/\/www.qualinove.com.br\/site\/gestao-de-seguranca-viaria-iso-39001\/\" \/>\n<meta property=\"og:site_name\" content=\"Qualinove\" \/>\n<meta property=\"article:modified_time\" content=\"2026-02-12T22:34:00+00:00\" \/>\n<meta name=\"twitter:card\" content=\"summary_large_image\" \/>\n<meta name=\"twitter:label1\" content=\"Est. reading time\" \/>\n\t<meta name=\"twitter:data1\" content=\"2 minutos\" \/>\n<script type=\"application\/ld+json\" class=\"yoast-schema-graph\">{\"@context\":\"https:\/\/schema.org\",\"@graph\":[{\"@type\":\"WebPage\",\"@id\":\"http:\/\/www.qualinove.com.br\/site\/gestao-de-seguranca-viaria-iso-39001\/\",\"url\":\"http:\/\/www.qualinove.com.br\/site\/gestao-de-seguranca-viaria-iso-39001\/\",\"name\":\"Gest\u00e3o de Seguran\u00e7a Vi\u00e1ria \u2013 ISO 39001 - Qualinove\",\"isPartOf\":{\"@id\":\"http:\/\/www.qualinove.com.br\/site\/#website\"},\"datePublished\":\"2026-02-12T22:33:59+00:00\",\"dateModified\":\"2026-02-12T22:34:00+00:00\",\"breadcrumb\":{\"@id\":\"http:\/\/www.qualinove.com.br\/site\/gestao-de-seguranca-viaria-iso-39001\/#breadcrumb\"},\"inLanguage\":\"pt-BR\",\"potentialAction\":[{\"@type\":\"ReadAction\",\"target\":[\"http:\/\/www.qualinove.com.br\/site\/gestao-de-seguranca-viaria-iso-39001\/\"]}]},{\"@type\":\"BreadcrumbList\",\"@id\":\"http:\/\/www.qualinove.com.br\/site\/gestao-de-seguranca-viaria-iso-39001\/#breadcrumb\",\"itemListElement\":[{\"@type\":\"ListItem\",\"position\":1,\"name\":\"In\u00edcio\",\"item\":\"https:\/\/www.qualinove.com.br\/site\/\"},{\"@type\":\"ListItem\",\"position\":2,\"name\":\"Gest\u00e3o de Seguran\u00e7a Vi\u00e1ria \u2013 ISO 39001\"}]},{\"@type\":\"WebSite\",\"@id\":\"http:\/\/www.qualinove.com.br\/site\/#website\",\"url\":\"http:\/\/www.qualinove.com.br\/site\/\",\"name\":\"Qualinove\",\"description\":\"Inova\u00e7\u00e3o e Qualidade em Sistemas de Gest\u00e3o\",\"publisher\":{\"@id\":\"http:\/\/www.qualinove.com.br\/site\/#organization\"},\"potentialAction\":[{\"@type\":\"SearchAction\",\"target\":{\"@type\":\"EntryPoint\",\"urlTemplate\":\"http:\/\/www.qualinove.com.br\/site\/?s={search_term_string}\"},\"query-input\":{\"@type\":\"PropertyValueSpecification\",\"valueRequired\":true,\"valueName\":\"search_term_string\"}}],\"inLanguage\":\"pt-BR\"},{\"@type\":\"Organization\",\"@id\":\"http:\/\/www.qualinove.com.br\/site\/#organization\",\"name\":\"Qualinove Assessoria Empresarial\",\"url\":\"http:\/\/www.qualinove.com.br\/site\/\",\"logo\":{\"@type\":\"ImageObject\",\"inLanguage\":\"pt-BR\",\"@id\":\"http:\/\/www.qualinove.com.br\/site\/#\/schema\/logo\/image\/\",\"url\":\"http:\/\/www.qualinove.com.br\/site\/wp-content\/uploads\/2016\/01\/logo_qualinove.png\",\"contentUrl\":\"http:\/\/www.qualinove.com.br\/site\/wp-content\/uploads\/2016\/01\/logo_qualinove.png\",\"width\":200,\"height\":100,\"caption\":\"Qualinove Assessoria Empresarial\"},\"image\":{\"@id\":\"http:\/\/www.qualinove.com.br\/site\/#\/schema\/logo\/image\/\"}}]}<\/script>\n","yoast_head_json":{"title":"Gest\u00e3o de Seguran\u00e7a Vi\u00e1ria \u2013 ISO 39001 - Qualinove","robots":{"index":"index","follow":"follow","max-snippet":"max-snippet:-1","max-image-preview":"max-image-preview:large","max-video-preview":"max-video-preview:-1"},"canonical":"http:\/\/www.qualinove.com.br\/site\/gestao-de-seguranca-viaria-iso-39001\/","og_locale":"pt_BR","og_type":"article","og_title":"Gest\u00e3o de Seguran\u00e7a Vi\u00e1ria \u2013 ISO 39001 - Qualinove","og_description":"A ISO 39001 estabelece os requisitos para implementa\u00e7\u00e3o de um Sistema de Gest\u00e3o de Seguran\u00e7a Vi\u00e1ria (SGSV), com o objetivo de reduzir mortes e les\u00f5es graves decorrentes de acidentes de tr\u00e2nsito. A Qualinove atua na implanta\u00e7\u00e3o, adequa\u00e7\u00e3o, manuten\u00e7\u00e3o e prepara\u00e7\u00e3o para auditorias da ISO 39001, apoiando organiza\u00e7\u00f5es que realizam transporte&hellip;","og_url":"http:\/\/www.qualinove.com.br\/site\/gestao-de-seguranca-viaria-iso-39001\/","og_site_name":"Qualinove","article_modified_time":"2026-02-12T22:34:00+00:00","twitter_card":"summary_large_image","twitter_misc":{"Est. reading time":"2 minutos"},"schema":{"@context":"https:\/\/schema.org","@graph":[{"@type":"WebPage","@id":"http:\/\/www.qualinove.com.br\/site\/gestao-de-seguranca-viaria-iso-39001\/","url":"http:\/\/www.qualinove.com.br\/site\/gestao-de-seguranca-viaria-iso-39001\/","name":"Gest\u00e3o de Seguran\u00e7a Vi\u00e1ria \u2013 ISO 39001 - Qualinove","isPartOf":{"@id":"http:\/\/www.qualinove.com.br\/site\/#website"},"datePublished":"2026-02-12T22:33:59+00:00","dateModified":"2026-02-12T22:34:00+00:00","breadcrumb":{"@id":"http:\/\/www.qualinove.com.br\/site\/gestao-de-seguranca-viaria-iso-39001\/#breadcrumb"},"inLanguage":"pt-BR","potentialAction":[{"@type":"ReadAction","target":["http:\/\/www.qualinove.com.br\/site\/gestao-de-seguranca-viaria-iso-39001\/"]}]},{"@type":"BreadcrumbList","@id":"http:\/\/www.qualinove.com.br\/site\/gestao-de-seguranca-viaria-iso-39001\/#breadcrumb","itemListElement":[{"@type":"ListItem","position":1,"name":"In\u00edcio","item":"https:\/\/www.qualinove.com.br\/site\/"},{"@type":"ListItem","position":2,"name":"Gest\u00e3o de Seguran\u00e7a Vi\u00e1ria \u2013 ISO 39001"}]},{"@type":"WebSite","@id":"http:\/\/www.qualinove.com.br\/site\/#website","url":"http:\/\/www.qualinove.com.br\/site\/","name":"Qualinove","description":"Inova\u00e7\u00e3o e Qualidade em Sistemas de Gest\u00e3o","publisher":{"@id":"http:\/\/www.qualinove.com.br\/site\/#organization"},"potentialAction":[{"@type":"SearchAction","target":{"@type":"EntryPoint","urlTemplate":"http:\/\/www.qualinove.com.br\/site\/?s={search_term_string}"},"query-input":{"@type":"PropertyValueSpecification","valueRequired":true,"valueName":"search_term_string"}}],"inLanguage":"pt-BR"},{"@type":"Organization","@id":"http:\/\/www.qualinove.com.br\/site\/#organization","name":"Qualinove Assessoria Empresarial","url":"http:\/\/www.qualinove.com.br\/site\/","logo":{"@type":"ImageObject","inLanguage":"pt-BR","@id":"http:\/\/www.qualinove.com.br\/site\/#\/schema\/logo\/image\/","url":"http:\/\/www.qualinove.com.br\/site\/wp-content\/uploads\/2016\/01\/logo_qualinove.png","contentUrl":"http:\/\/www.qualinove.com.br\/site\/wp-content\/uploads\/2016\/01\/logo_qualinove.png","width":200,"height":100,"caption":"Qualinove Assessoria Empresarial"},"image":{"@id":"http:\/\/www.qualinove.com.br\/site\/#\/schema\/logo\/image\/"}}]}},"_links":{"self":[{"href":"http:\/\/www.qualinove.com.br\/site\/wp-json\/wp\/v2\/pages\/5279","targetHints":{"allow":["GET"]}}],"collection":[{"href":"http:\/\/www.qualinove.com.br\/site\/wp-json\/wp\/v2\/pages"}],"about":[{"href":"http:\/\/www.qualinove.com.br\/site\/wp-json\/wp\/v2\/types\/page"}],"author":[{"embeddable":true,"href":"http:\/\/www.qualinove.com.br\/site\/wp-json\/wp\/v2\/users\/3"}],"replies":[{"embeddable":true,"href":"http:\/\/www.qualinove.com.br\/site\/wp-json\/wp\/v2\/comments?post=5279"}],"version-history":[{"count":1,"href":"http:\/\/www.qualinove.com.br\/site\/wp-json\/wp\/v2\/pages\/5279\/revisions"}],"predecessor-version":[{"id":5285,"href":"http:\/\/www.qualinove.com.br\/site\/wp-json\/wp\/v2\/pages\/5279\/revisions\/5285"}],"wp:attachment":[{"href":"http:\/\/www.qualinove.com.br\/site\/wp-json\/wp\/v2\/media?parent=5279"}],"curies":[{"name":"wp","href":"https:\/\/api.w.org\/{rel}","templated":true}]}}